ppose 2*a = 4*o + 208, 3*a - a - 200 = -4*o. Let z = 62 + a. What are the prime factors of z?
2, 41
Suppose -4*s - 2*r + 180 = 0, 3*s = 6*s + 2*r - 135. Suppose 2*w - 2 = -3*n, -4*w + 9 = -4*n + s. Suppose -11 = -n*b + 317. What are the prime factors of b?
2, 41
Suppose 2*w + 0*u + 3*u + 275 = 0, 3*w + 3*u + 417 = 0. Let q = 146 + w. Suppose a + 1135 = q*h + 2*a, 3*h + 4*a - 861 = 0. List the prime factors of h.
283
Suppose 4*k = -3*o + 571, 4*o - 2*k - 566 = 210. What are the prime factors of o?
193
Let i = 99 - 95. Suppose b - 117 = 2*u + 927, i = 4*u. Suppose 0 = -9*f + 1636 + b. List the prime factors of f.
2, 149
Suppose -264*k = -258*k - 3564. List the prime factors of k.
2, 3, 11
What are the prime factors of 6247/7 + 1 - (12 + 1215/(-105))?
19, 47
Suppose 665*k = 675*k - 54540. What are the prime factors of k?
2, 3, 101
Suppose 24 = -24*t + 120. Suppose -2310 = -t*v + 966. What are the prime factors of v?
3, 7, 13
Let l(a) = 416*a**3 - 3*a**2 + 2*a - 1. Suppose 2*k - 9*n + 5*n = -18, 5*n - 23 = 2*k. What are the prime factors of l(k)?
2, 3, 23
Suppose -3*i = 447 - 1878. Suppose 5*m + 0*c = 4*c + i, -3*c - 102 = -m. List the prime factors of m.
3, 31
Suppose 8786 = -16*u + 635247 + 129827. List the prime factors of u.
2, 3, 13, 101
Suppose 20 = d + 3*f, 4*d = d - 4*f + 35. Suppose -l - l = 2*h - 184, d*l = -4*h + 458. Suppose 559 = 7*i + l. List the prime factors of i.
67
Let o(x) be the first derivative of -310*x**3/3 + x**2 + 41. Let n be o(1). What are the prime factors of n/8*60/(-21)?
2, 5, 11
Suppose 4041 = 2*b + 5*j, -3*b + 6853 = -5*j + 854. List the prime factors of b.
2, 251
Let n = -5245 - -7777. Let k = n + -1079. What are the prime factors of k?
1453
Let t(n) = -668*n + 298. What are the prime factors of t(-7)?
2, 3, 829
Let a(p) = -p**3 + 15*p + 1. Let n(h) = 6*h + 5. Let o be n(-2). List the prime factors of a(o).
239
Suppose -46*j + 18063 = -1018639. What are the prime factors of j?
31, 727
Suppose a - j = 3, -a + 3 = 3*a + 5*j. Suppose -20 = -5*m, -7*c + 2251 = -a*c + 4*m. What are the prime factors of c?
3, 149
Suppose 14*k - 17*k = 0. Suppose 1 = i - 4*h - 4, -2*i + h + 10 = k. Suppose 30 - 118 = -5*t + l, 80 = 5*t - i*l. What are the prime factors of t?
2, 3
Let h be (-11438)/(-19) + 8 + -2. Let b = h + 121. What are the prime factors of b?
3
Let f(i) = 89*i**2 - 14*i - 7. Let y be f(5). Suppose -2*w - 4*w = -y. List the prime factors of w.
2, 179
Let c(a) = 16 - 17*a - 16 - 36. Let s = -79 + 72. What are the prime factors of c(s)?
83
Let f(l) = 3485*l - 9656. What are the prime factors of f(17)?
17, 2917
What are the prime factors of 15937024/1360 + 3/5?
11719
Let n = -178340 - -265404. What are the prime factors of n?
2, 10883
Let l be ((6 - 4) + -1)/(1/9). Suppose -l*n + 45 = 27. List the prime factors of n.
2
Let q = 2563 + 1522. Suppose 84*a - 79*a = q. What are the prime factors of a?
19, 43
Let z(x) be the first derivative of 35*x**3/3 - 10*x**2 - 23*x + 36. What are the prime factors of z(7)?
2, 97
Suppose 5*y + 18 = -7, 0 = -2*n - 5*y - 1039. Let q = n + 1103. What are the prime factors of q?
2, 149
Let q = -11695 - -20478. What are the prime factors of q?
8783
Suppose 0 = 5*s - 4*k + 12650, 2*k - 4078 = 2*s + 982. What are the prime factors of (-4)/16 - s/8?
2, 79
Suppose 0 = -5*t - 3*p + 9, -5*t - 2*p = -3 - 8. Let u(n) = -2*n + 36*n + 8 - 9*n + 5*n + 55*n. What are the prime factors of u(t)?
263
Let f(s) = 2*s**3 + s**2 + s - 10. Let u be f(0). Let n be 46/6 + u/15. Let a(b) = -b**3 + 8*b**2 + 11*b - 7. What are the prime factors of a(n)?
7, 17
Let s(y) be the third derivative of -y**5/120 + 13*y**4/12 - 11*y**3/6 - 7*y**2. Let i(d) be the first derivative of s(d). List the prime factors of i(0).
2, 13
Let p = -8674 - -14459. List the prime factors of p.
5, 13, 89
Let n = -10057 - -10063. Let r(h) = -3*h + 5. Let q(o) = -6. Let t(m) = -6*q(m) - 6*r(m). List the prime factors of t(n).
2, 3, 19
Let y(v) = -16*v - 1. Let h(m) = -63*m - 3. Let g(c) = -4*h(c) + 18*y(c). What are the prime factors of g(-6)?
2, 3, 5, 7
Suppose -2*v = 2*v - 8. Let q(u) = 44*u - 120. Let h be q(6). Suppose v*f = f + h. What are the prime factors of f?
2, 3
Suppose 4*x = 4*d + 2*x - 26, -2*x = 2*d - 4. Suppose -2*y + d*y = 3*q - 36, -2*y + 6 = 4*q. Let b(z) = z**2 - 12*z + 11. List the prime factors of b(y).
2, 3
Let r = -85 - -91. Let i(y) = -y**2 + 11*y - 30. Let s be i(r). Suppose -w + 10 = o, -2*w + s*w = -2*o + 24. What are the prime factors of o?
11
Suppose 31*n - 33*n + 1048 = 0. Suppose 5*m = -n - 221. Let a = m + 219. What are the prime factors of a?
2, 5, 7
Let q be ((-120)/(-3))/5 + -4. Suppose b + 4*k = 384, -q*b + 2*k + 1557 = -3*k. Suppose 2*p + 6*z = 2*z + 176, -5*p = -3*z - b. List the prime factors of p.
2, 5
Suppose 4*a + 3*a = 49. Suppose a*b - 6*b = 2. Suppose m + 84 = 4*j - m, 0 = -j + b*m + 24. What are the prime factors of j?
2, 5
Let a(u) = 2699*u**3 - 3*u + 5. What are the prime factors of a(1)?
37, 73
List the prime factors of ((-58)/(-3))/(10/(-35)*77/(-25377)).
29, 769
Suppose 0 = 60*k - 59*k - 3. Suppose 625 = -k*h - 2*h. Let y = 183 + h. List the prime factors of y.
2, 29
Suppose 2*o - 2 = 3*n - 92, 2*n = 3*o + 65. Suppose 2652 = -n*t + 45*t. List the prime factors of t.
2, 3, 13
Let b be 1*(-2 + 4 + -2). Suppose t - 38 - 370 = b. List the prime factors of t.
2, 3, 17
Let h = 57879 - 14390. What are the prime factors of h?
157, 277
Let o be (1 + (-4)/4)/(-1) - -4. Let m be (o - (-338)/4)*8. Suppose -3*g - m = -9*g. What are the prime factors of g?
2, 59
Suppose -12753 = -5*t - 5*x + 48697, 24555 = 2*t - 3*x. What are the prime factors of t?
3, 5, 7, 13
Suppose -16483 = -c + n, c + 19*n = 16*n + 16507. What are the prime factors of c?
11, 1499
Let s = 183 - 126. Let f = s + 338. Suppose -7*g = -f - 95. What are the prime factors of g?
2, 5, 7
Suppose 36880 = 10*t + 4590. What are the prime factors of t?
3229
Let l(t) = -82*t + 6. Suppose i - 6*i + 2*m = -48, -5*i = -4*m - 56. Suppose 2*f - 6 = i*f. List the prime factors of l(f).
2, 11
Let z = 92 + 288. Let h = z + 173. Suppose -8*q + q + h = 0. List the prime factors of q.
79
Let w(d) = 54*d - 1. Let c = -15 + 18. Suppose 0 = -3*h - 2*h - 3*s + 29, -c*s = 3*h - 21. What are the prime factors of w(h)?
5, 43
Let t(c) = 7*c**3 - 4*c**2 + 10*c - 3. List the prime factors of t(6).
3, 5, 19
Let g = -131 + 85. Let m be g/(-12) + 14/84. Suppose 4 = -2*x, m*a + 2*x - 690 = 7*x. List the prime factors of a.
2, 5, 17
Let p be (3 + -1 + -13)/(89/(-178)). Suppose -11371 - 6185 = -p*b. What are the prime factors of b?
2, 3, 7, 19
Let v(r) = -11*r**2 + 4*r + 7. Let j(k) = k**3 + k**2. Let x(l) = -j(l) - v(l). Let f = -345 - -354. What are the prime factors of x(f)?
2, 19
Suppose -24*m = -4*w - 19*m + 33456, 5*w + 4*m = 41820. List the prime factors of w.
2, 3, 17, 41
Suppose -9*g + 0*g = 9. List the prime factors of (-134)/((-5)/(-20)*g).
2, 67
Suppose 0 = -p - 42*i + 46*i + 41356, 0 = p + 4*i - 41388. List the prime factors of p.
2, 10343
Suppose 4*w - 146612 = -2*g, 102*w = -2*g + 100*w + 146600. List the prime factors of g.
2, 13, 2819
Let p(b) = -7*b - 34*b**3 - 15 + 15*b**3 + 10*b**3 + 10*b**3 + 35*b**2. List the prime factors of p(-35).
2, 5, 23
Suppose -d + 5*m + 393 = -5*d, -3*d - 294 = 3*m. What are the prime factors of (-4104)/855*5*d/2?
2, 3, 97
Let z(b) = -4*b + 44. Let a be z(7). What are the prime factors of a*(24/(-6) - -80)?
2, 19
Suppose -4*j = -8, -5*f + j = 6*j + 2430. Let o = f + 201. Let w = -202 - o. List the prime factors of w.
5, 17
Let a(u) = 6*u**3 - 3*u + 12. Let b(z) = 7*z**3 + z**2 - 4*z + 13. Suppose 0 = -13*n + 12*n + 6. Let x(h) = n*a(h) - 5*b(h). List the prime factors of x(6).
5, 11
Let r(z) be the third derivative of -41*z**4/24 - 37*z**3/6 + 4*z**2 + 3. List the prime factors of r(-14).
3, 179
Let c(m) = -m**3 - 14*m**2 - 7*m. Let x be c(-12). Let b = x - -321. What are the prime factors of b?
3, 13
Suppose 0 = 262*s - 259*s - 25650. What are the prime factors of s?
2, 3, 5, 19
Let t be (-3)/((4/18)/(8/(-12))). Let y(f) = f**2 - 8*f - 19. Let p be y(t). List the prime factors of 1448/20 - 5 - (-4)/p.
67
Suppose 0 = 6*u - 7*u - l - 201, 0 = 2*u + 3*l + 403. Let j = 836 + u. What are the prime factors of j?
2, 3, 53
Let z = 1369